40 is divided by 21.
13
What is the remainder when 2900431 is divided by 42?
37
What is the remainder when 13179 is divided by 9?
3
What is the remainder when 60492 is divided by 111?
108
What is the remainder when 2842 is divided by 1304?
234
What is the remainder when 17156 is divided by 1905?
11
Calculate the remainder when 3851 is divided by 26.
3
What is the remainder when 70598 is divided by 50?
48
What is the remainder when 8055 is divided by 8?
7
What is the remainder when 8754 is divided by 15?
9
Calculate the remainder when 4148 is divided by 1036.
4
What is the remainder when 55510 is divided by 1500?
10
What is the remainder when 4673987 is divided by 444?
443
What is the remainder when 620943 is divided by 4851?
15
Calculate the remainder when 6748 is divided by 841.
20
Calculate the remainder when 11501 is divided by 177.
173
What is the remainder when 6782 is divided by 200?
182
What is the remainder when 1362416 is divided by 841?
837
Calculate the remainder when 19313 is divided by 483.
476
Calculate the remainder when 19052 is divided by 828.
8
Calculate the remainder when 368914 is divided by 38.
10
Calculate the remainder when 2563 is divided by 82.
21
What is the remainder when 4691 is divided by 629?
288
Calculate the remainder when 10909 is divided by 180.
109
Calculate the remainder when 2079 is divided by 492.
111
Calculate the remainder when 917 is divided by 52.
33
What is the remainder when 1629 is divided by 318?
39
What is the remainder when 135457 is divided by 66?
25
Calculate the remainder when 240237 is divided by 330.
327
What is the remainder when 23395 is divided by 188?
83
What is the remainder when 103121 is divided by 218?
7
Calculate the remainder when 232893 is divided by 46576.
13
What is the remainder when 115061 is divided by 76?
73
Calculate the remainder when 3165727 is divided by 890.
887
What is the remainder when 19745 is divided by 79?
74
Calculate the remainder when 1032 is divided by 140.
52
Calculate the remainder when 2296 is divided by 40.
16
Calculate the remainder when 14595 is divided by 4812.
159
What is the remainder when 309535 is divided by 105?
100
Calculate the remainder when 66287 is divided by 21999.
290
Calculate the remainder when 85642 is divided by 117.
115
Calculate the remainder when 9022 is divided by 291.
1
Calculate the remainder when 4628 is divided by 3.
2
What is the remainder when 16606 is divided by 5448?
262
Calculate the remainder when 144298 is divided by 1659.
1624
What is the remainder when 15515 is divided by 2214?
17
Calculate the remainder when 294705 is divided by 187.
180
Calculate the remainder when 4737 is divided by 1137.
189
What is the remainder when 4501 is divided by 561?
13
What is the remainder when 91879 is divided by 3?
1
Calculate the remainder when 210462 is divided by 35077.
0
Calculate the remainder when 457013 is divided by 8.
5
What is the remainder when 16021 is divided by 728?
5
What is the remainder when 5386 is divided by 258?
226
Calculate the remainder when 1693 is divided by 1661.
32
Calculate the remainder when 613045 is divided by 76630.
5
Calculate the remainder when 173568 is divided by 68.
32
Calculate the remainder when 200197 is divided by 350.
347
What is the remainder when 442 is divided by 45?
37
Calculate the remainder when 1264 is divided by 207.
22
What is the remainder when 632 is divided by 430?
202
Calculate the remainder when 2036 is divided by 1246.
790
Calculate the remainder when 2865 is divided by 308.
93
Calculate the remainder when 6504 is divided by 313.
244
Calculate the remainder when 1444 is divided by 567.
310
What is the remainder when 285715 is divided by 7?
3
Calculate the remainder when 112090 is divided by 93.
25
What is the remainder when 67901 is divided by 33940?
21
What is the remainder when 43321 is divided by 362?
243
What is the remainder when 25972 is divided by 258?
172
What is the remainder when 5860 is divided by 1952?
4
Calculate the remainder when 26910 is divided by 138.
0
Calculate the remainder when 940 is divided by 90.
40
Calculate the remainder when 315136 is divided by 216.
208
What is the remainder when 583214 is divided by 216?
14
What is the remainder when 370229 is divided by 21?
20
Calculate the remainder when 186756 is divided by 79.
0
Calculate the remainder when 2972 is divided by 649.
376
What is the remainder when 65378 is divided by 17?
13
Calculate the remainder when 757 is divided by 82.
19
What is the remainder when 402426 is divided by 436?
434
Calculate the remainder when 1657696 is divided by 58.
56
What is the remainder when 5068 is divided by 638?
602
Calculate the remainder when 2728897 is divided by 42.
31
What is the remainder when 22400 is divided by 5598?
8
Calculate the remainder when 153341 is divided by 41.
1
What is the remainder when 498877 is divided by 73?
68
Calculate the remainder when 94726 is divided by 22.
16
Calculate the remainder when 1439 is divided by 391.
266
Calculate the remainder when 121801 is divided by 655.
626
What is the remainder when 3755 is divided by 1744?
267
What is the remainder when 66855 is divided by 22278?
21
Calculate the remainder when 23235 is divided by 4591.
280
Calculate the remainder when 22590 is divided by 88.
62
Calculate the remainder when 1592 is divided by 320.
312
Calculate the remainder when 2913 is divided by 419.
399
What is the remainder when 31548 is divided by 23?
15
Calculate the remainder when 37911 is divided by 1057.
916
Calculate the remainder when 13493 is divided by 1349.
3
What is the remainder when 29537 is divided by 9838?
23
Calculate the remainder when 110266 is divided by 150.
16
What is the remainder when 252984 is divided by 307?
16
What is the remainder when 8404 is divided by 10?
4
Calculate the remainder when 51187 is divided by 6391.
59
Calculate the remainder when 36270 is divided by 117.
0
What is the remainder when 164267 is divided by 36?
35
What is the remainder when 3962 is divided by 590?
422
What is the remainder when 23987 is divided by 50?
37
What is the remainder when 2010 is divided by 664?
18
Calculate the remainder when 15367 is divided by 834.
355
Calculate the remainder when 219403 is divided by 138.
121
Calculate the remainder when 5946 is divided by 93.
87
What is the remainder when 2754494 is divided by 11?
6
Calculate the remainder when 21698 is divided by 31.
29
What is the remainder when 99552 is divided by 72?
48
What is the remainder when 9548 is divided by 1883?
133
What is the remainder when 1192 is divided by 70?
2
What is the remainder when 4493 is divided by 4455?
38
Calculate the remainder when 2030001 is divided by 958.
957
Calculate the remainder when 82414 is divided by 7.
3
Calculate the remainder when 17833 is divided by 26.
23
What is the remainder when 1935 is divided by 17?
14
Calculate the remainder when 43238 is divided by 249.
161
Calculate the remainder when 1149126 is divided by 9.
6
What is the remainder when 15873 is divided by 33?
0
Calculate the remainder when 8427 is divided by 688.
171
Calculate the remainder when 2303 is divided by 1143.
17
Calculate the remainder when 143309 is divided by 212.
209
What is the remainder when 8088 is divided by 309?
54
What is the remainder when 22205 is divided by 1450?
455
Calculate the remainder when 4606 is divided by 103.
74
Calculate the remainder when 3570 is divided by 1933.
1637
What is the remainder when 3463 is divided by 151?
141
Calculate the remainder when 61125 is divided by 30405.
315
What is the remainder when 134943 is divided by 137?
135
What is the remainder when 11252 is divided by 16?
4
What is the remainder when 43961 is divided by 599?
234
Calculate the remainder when 4776 is divided by 4547.
229
What is the remainder when 7802 is divided by 357?
305
Calculate the remainder when 1105 is divided by 457.
191
Calculate the remainder when 4303 is divided by 1315.
358
Calculate the remainder when 260558 is divided by 1489.
1472
What is the remainder when 7612 is divided by 37?
27
What is the remainder when 25193 is divided by 15?
8
What is the remainder when 1900 is divided by 107?
81
What is the remainder when 23086 is divided by 4613?
21
What is the remainder when 6952 is d